{"id":8,"date":"2018-04-26T13:50:34","date_gmt":"2018-04-26T13:50:34","guid":{"rendered":"http:\/\/apostillacolombia.com.co\/?page_id=8"},"modified":"2018-04-26T17:58:42","modified_gmt":"2018-04-26T17:58:42","slug":"apostilla","status":"publish","type":"page","link":"https:\/\/apostillacolombia.com.co\/v1\/apostilla\/","title":{"rendered":"Apostilla"},"content":{"rendered":"<div id=\"pl-8\"  class=\"panel-layout\" ><div id=\"pg-8-0\"  class=\"panel-grid panel-no-style\" ><div id=\"pgc-8-0-0\"  class=\"panel-grid-cell\" ><div id=\"panel-8-0-0-0\" class=\"so-panel widget widget_sow-headline panel-first-child\" data-index=\"0\" ><div\n\t\t\t\n\t\t\tclass=\"so-widget-sow-headline so-widget-sow-headline-default-e8204752f3c0-8\"\n\t\t\t\n\t\t><div class=\"sow-headline-container \">\n\t\t\t\t\t\t\t<h1 class=\"sow-headline\">\n\t\t\t\t\t\tApostilla o Legalizaci\u00f3n \t\t\t\t\t\t<\/h1>\n\t\t\t\t\t\t\t\t\t\t\t<div class=\"decoration\">\n\t\t\t\t\t\t<div class=\"decoration-inside\"><\/div>\n\t\t\t\t\t<\/div>\n\t\t\t\t\t<\/div>\n<\/div><\/div><div id=\"panel-8-0-0-1\" class=\"so-panel widget widget_sow-editor\" data-index=\"1\" ><div\n\t\t\t\n\t\t\tclass=\"so-widget-sow-editor so-widget-sow-editor-base\"\n\t\t\t\n\t\t>\n<div class=\"siteorigin-widget-tinymce textwidget\">\n\t<p style=\"text-align: justify;\"><span style=\"font-family: Arimo;\">Realizamos el proceso de Apostillar o Legalizar sus documentos, con el fin de autenticar la veracidad de los mismos y as\u00ed poder llevar acabo tr\u00e1mites en el exterior. Tenga en cuenta, que para realizar el proceso de dicho documento debe\u00a0<\/span><span style=\"font-family: Arimo;\">primero legalizarse, ante su entidad correspondiente.<\/span><\/p>\n<\/div>\n<\/div><\/div><div id=\"panel-8-0-0-2\" class=\"so-panel widget widget_sow-image panel-last-child\" data-index=\"2\" ><div\n\t\t\t\n\t\t\tclass=\"so-widget-sow-image so-widget-sow-image-default-8b5b6f678277-8\"\n\t\t\t\n\t\t>\n<div class=\"sow-image-container\">\n\t\t<img \n\tsrc=\"https:\/\/apostillacolombia.com.co\/v1\/wp-content\/uploads\/2018\/04\/20180418_190731-Copy-e1525630264905.jpg\" width=\"1564\" height=\"636\" srcset=\"https:\/\/apostillacolombia.com.co\/v1\/wp-content\/uploads\/2018\/04\/20180418_190731-Copy-e1525630264905.jpg 1564w, https:\/\/apostillacolombia.com.co\/v1\/wp-content\/uploads\/2018\/04\/20180418_190731-Copy-e1525630264905-300x122.jpg 300w, https:\/\/apostillacolombia.com.co\/v1\/wp-content\/uploads\/2018\/04\/20180418_190731-Copy-e1525630264905-768x312.jpg 768w, https:\/\/apostillacolombia.com.co\/v1\/wp-content\/uploads\/2018\/04\/20180418_190731-Copy-e1525630264905-1024x416.jpg 1024w\" sizes=\"(max-width: 1564px) 100vw, 1564px\" title=\"APOSTILLA LEGALIZACION EN LINEA\" alt=\"Apostilla de documentos\" \t\tclass=\"so-widget-image\"\/>\n\t<\/div>\n\n<\/div><\/div><\/div><\/div><div id=\"pg-8-1\"  class=\"panel-grid panel-no-style\" ><div id=\"pgc-8-1-0\"  class=\"panel-grid-cell\" ><div id=\"panel-8-1-0-0\" class=\"so-panel widget widget_sow-headline panel-first-child\" data-index=\"3\" ><div\n\t\t\t\n\t\t\tclass=\"so-widget-sow-headline so-widget-sow-headline-default-e8204752f3c0-8\"\n\t\t\t\n\t\t><div class=\"sow-headline-container \">\n\t\t\t\t\t\t\t<h1 class=\"sow-headline\">\n\t\t\t\t\t\t\u00bfQu\u00e9 es la apostilla?\t\t\t\t\t\t<\/h1>\n\t\t\t\t\t\t\t\t\t\t\t<div class=\"decoration\">\n\t\t\t\t\t\t<div class=\"decoration-inside\"><\/div>\n\t\t\t\t\t<\/div>\n\t\t\t\t\t<\/div>\n<\/div><\/div><div id=\"panel-8-1-0-1\" class=\"so-panel widget widget_sow-editor\" data-index=\"4\" ><div\n\t\t\t\n\t\t\tclass=\"so-widget-sow-editor so-widget-sow-editor-base\"\n\t\t\t\n\t\t>\n<div class=\"siteorigin-widget-tinymce textwidget\">\n\t<p style=\"text-align: justify;\"><span style=\"font-family: Arimo;\">Una apostilla es una certificaci\u00f3n proporcionada bajo la Convenci\u00f3n de la Haya de 1961 para autenticar documentos para su uso en pa\u00edses extranjeros. La principal funci\u00f3n de la apostilla es para certificar la autenticidad de la firma del documento.<\/span><\/p>\n<\/div>\n<\/div><\/div><div id=\"panel-8-1-0-2\" class=\"so-panel widget widget_sow-slider panel-last-child\" data-index=\"5\" ><div\n\t\t\t\n\t\t\tclass=\"so-widget-sow-slider so-widget-sow-slider-default-6d39609536fd-8\"\n\t\t\t\n\t\t>\t\t\t\t<div class=\"sow-slider-base\" style=\"display: none\" tabindex=\"0\">\n\t\t\t\t\t<ul\n\t\t\t\t\tclass=\"sow-slider-images\"\n\t\t\t\t\tdata-settings=\"{&quot;pagination&quot;:true,&quot;speed&quot;:800,&quot;timeout&quot;:8000,&quot;paused&quot;:false,&quot;pause_on_hover&quot;:false,&quot;swipe&quot;:true,&quot;nav_always_show_desktop&quot;:&quot;&quot;,&quot;nav_always_show_mobile&quot;:&quot;&quot;,&quot;breakpoint&quot;:&quot;780px&quot;,&quot;unmute&quot;:false,&quot;anchor&quot;:null}\"\n\t\t\t\t\t\t\t\t\t\tdata-anchor-id=\"\"\n\t\t\t\t>\t\t<li class=\"sow-slider-image\" style=\"visibility: visible;\" >\n\t\t\t\t\t\t<img loading=\"lazy\" decoding=\"async\" width=\"1600\" height=\"1200\" src=\"https:\/\/apostillacolombia.com.co\/v1\/wp-content\/uploads\/2018\/04\/20180418_190915-Copy.jpg\" class=\"sow-slider-background-image\" alt=\"\" style=\"\" srcset=\"https:\/\/apostillacolombia.com.co\/v1\/wp-content\/uploads\/2018\/04\/20180418_190915-Copy.jpg 1600w, https:\/\/apostillacolombia.com.co\/v1\/wp-content\/uploads\/2018\/04\/20180418_190915-Copy-300x225.jpg 300w, https:\/\/apostillacolombia.com.co\/v1\/wp-content\/uploads\/2018\/04\/20180418_190915-Copy-768x576.jpg 768w, https:\/\/apostillacolombia.com.co\/v1\/wp-content\/uploads\/2018\/04\/20180418_190915-Copy-1024x768.jpg 1024w\" sizes=\"(max-width: 1600px) 100vw, 1600px\" \/>\t\t<\/li>\n\t\t<\/ul>\t\t\t\t<ol class=\"sow-slider-pagination\">\n\t\t\t\t\t\t\t\t\t\t\t<li><a href=\"#\" data-goto=\"0\" aria-label=\"mostrar diapositiva 1\"><\/a><\/li>\n\t\t\t\t\t\t\t\t\t<\/ol>\n\n\t\t\t\t<div class=\"sow-slide-nav sow-slide-nav-next\">\n\t\t\t\t\t<a href=\"#\" data-goto=\"next\" aria-label=\"diapositiva siguiente\" data-action=\"next\">\n\t\t\t\t\t\t<em class=\"sow-sld-icon-thin-right\"><\/em>\n\t\t\t\t\t<\/a>\n\t\t\t\t<\/div>\n\n\t\t\t\t<div class=\"sow-slide-nav sow-slide-nav-prev\">\n\t\t\t\t\t<a href=\"#\" data-goto=\"previous\" aria-label=\"diapositiva anterior\" data-action=\"prev\">\n\t\t\t\t\t\t<em class=\"sow-sld-icon-thin-left\"><\/em>\n\t\t\t\t\t<\/a>\n\t\t\t\t<\/div>\n\t\t\t\t<\/div><\/div><\/div><\/div><div id=\"pgc-8-1-1\"  class=\"panel-grid-cell\" ><div id=\"panel-8-1-1-0\" class=\"so-panel widget widget_sow-headline panel-first-child\" data-index=\"6\" ><div\n\t\t\t\n\t\t\tclass=\"so-widget-sow-headline so-widget-sow-headline-default-e8204752f3c0-8\"\n\t\t\t\n\t\t><div class=\"sow-headline-container \">\n\t\t\t\t\t\t\t<h1 class=\"sow-headline\">\n\t\t\t\t\t\t\u00bfQu\u00e9 es la legalizaci\u00f3n?\t\t\t\t\t\t<\/h1>\n\t\t\t\t\t\t\t\t\t\t\t<div class=\"decoration\">\n\t\t\t\t\t\t<div class=\"decoration-inside\"><\/div>\n\t\t\t\t\t<\/div>\n\t\t\t\t\t<\/div>\n<\/div><\/div><div id=\"panel-8-1-1-1\" class=\"so-panel widget widget_sow-editor\" data-index=\"7\" ><div\n\t\t\t\n\t\t\tclass=\"so-widget-sow-editor so-widget-sow-editor-base\"\n\t\t\t\n\t\t>\n<div class=\"siteorigin-widget-tinymce textwidget\">\n\t<p style=\"text-align: justify;\"><span style=\"font-family: Arimo;\">Consiste en certificar la firma del funcionario p\u00fablico para que el documento sea v\u00e1lido en otro pa\u00eds que no hace parte del Convenio de la Apostilla, cuya firma deber\u00e1 estar registrada en la base de datos del Ministerio de Relaciones Exteriores.<\/span><\/p>\n<\/div>\n<\/div><\/div><div id=\"panel-8-1-1-2\" class=\"so-panel widget widget_sow-slider panel-last-child\" data-index=\"8\" ><div class=\"panel-widget-style panel-widget-style-for-8-1-1-2\" ><div\n\t\t\t\n\t\t\tclass=\"so-widget-sow-slider so-widget-sow-slider-default-6d39609536fd-8\"\n\t\t\t\n\t\t>\t\t\t\t<div class=\"sow-slider-base\" style=\"display: none\" tabindex=\"0\">\n\t\t\t\t\t<ul\n\t\t\t\t\tclass=\"sow-slider-images\"\n\t\t\t\t\tdata-settings=\"{&quot;pagination&quot;:true,&quot;speed&quot;:800,&quot;timeout&quot;:8000,&quot;paused&quot;:false,&quot;pause_on_hover&quot;:false,&quot;swipe&quot;:true,&quot;nav_always_show_desktop&quot;:&quot;&quot;,&quot;nav_always_show_mobile&quot;:&quot;&quot;,&quot;breakpoint&quot;:&quot;780px&quot;,&quot;unmute&quot;:false,&quot;anchor&quot;:null}\"\n\t\t\t\t\t\t\t\t\t\tdata-anchor-id=\"\"\n\t\t\t\t>\t\t<li class=\"sow-slider-image\" style=\"visibility: visible;\" >\n\t\t\t\t\t\t<img loading=\"lazy\" decoding=\"async\" width=\"1600\" height=\"1200\" src=\"https:\/\/apostillacolombia.com.co\/v1\/wp-content\/uploads\/2018\/04\/20180418_191359-Copy.jpg\" class=\"sow-slider-background-image\" alt=\"\" style=\"\" srcset=\"https:\/\/apostillacolombia.com.co\/v1\/wp-content\/uploads\/2018\/04\/20180418_191359-Copy.jpg 1600w, https:\/\/apostillacolombia.com.co\/v1\/wp-content\/uploads\/2018\/04\/20180418_191359-Copy-300x225.jpg 300w, https:\/\/apostillacolombia.com.co\/v1\/wp-content\/uploads\/2018\/04\/20180418_191359-Copy-768x576.jpg 768w, https:\/\/apostillacolombia.com.co\/v1\/wp-content\/uploads\/2018\/04\/20180418_191359-Copy-1024x768.jpg 1024w\" sizes=\"(max-width: 1600px) 100vw, 1600px\" \/>\t\t<\/li>\n\t\t\t\t<li class=\"sow-slider-image\" style=\"visibility: hidden;\" >\n\t\t\t\t\t\t<img loading=\"lazy\" decoding=\"async\" width=\"1600\" height=\"1200\" src=\"https:\/\/apostillacolombia.com.co\/v1\/wp-content\/uploads\/2018\/04\/20180418_191442-Copy.jpg\" class=\"sow-slider-background-image\" alt=\"\" style=\"\" srcset=\"https:\/\/apostillacolombia.com.co\/v1\/wp-content\/uploads\/2018\/04\/20180418_191442-Copy.jpg 1600w, https:\/\/apostillacolombia.com.co\/v1\/wp-content\/uploads\/2018\/04\/20180418_191442-Copy-300x225.jpg 300w, https:\/\/apostillacolombia.com.co\/v1\/wp-content\/uploads\/2018\/04\/20180418_191442-Copy-768x576.jpg 768w, https:\/\/apostillacolombia.com.co\/v1\/wp-content\/uploads\/2018\/04\/20180418_191442-Copy-1024x768.jpg 1024w\" sizes=\"(max-width: 1600px) 100vw, 1600px\" \/>\t\t<\/li>\n\t\t<\/ul>\t\t\t\t<ol class=\"sow-slider-pagination\">\n\t\t\t\t\t\t\t\t\t\t\t<li><a href=\"#\" data-goto=\"0\" aria-label=\"mostrar diapositiva 1\"><\/a><\/li>\n\t\t\t\t\t\t\t\t\t\t\t<li><a href=\"#\" data-goto=\"1\" aria-label=\"mostrar diapositiva 2\"><\/a><\/li>\n\t\t\t\t\t\t\t\t\t<\/ol>\n\n\t\t\t\t<div class=\"sow-slide-nav sow-slide-nav-next\">\n\t\t\t\t\t<a href=\"#\" data-goto=\"next\" aria-label=\"diapositiva siguiente\" data-action=\"next\">\n\t\t\t\t\t\t<em class=\"sow-sld-icon-thin-right\"><\/em>\n\t\t\t\t\t<\/a>\n\t\t\t\t<\/div>\n\n\t\t\t\t<div class=\"sow-slide-nav sow-slide-nav-prev\">\n\t\t\t\t\t<a href=\"#\" data-goto=\"previous\" aria-label=\"diapositiva anterior\" data-action=\"prev\">\n\t\t\t\t\t\t<em class=\"sow-sld-icon-thin-left\"><\/em>\n\t\t\t\t\t<\/a>\n\t\t\t\t<\/div>\n\t\t\t\t<\/div><\/div><\/div><\/div><\/div><\/div><\/div>","protected":false},"excerpt":{"rendered":"<p>Realizamos el proceso de Apostillar o Legalizar sus documentos, con el fin de autenticar la veracidad de los mismos y as\u00ed poder llevar acabo tr\u00e1mites en el exterior. Tenga en cuenta, que para realizar el proceso de dicho documento debe\u00a0primero legalizarse, ante su entidad correspondiente. Una apostilla es una certificaci\u00f3n proporcionada bajo la Convenci\u00f3n de [&hellip;]<\/p>\n","protected":false},"author":1,"featured_media":0,"parent":0,"menu_order":0,"comment_status":"closed","ping_status":"closed","template":"","meta":{"footnotes":""},"_links":{"self":[{"href":"https:\/\/apostillacolombia.com.co\/v1\/wp-json\/wp\/v2\/pages\/8"}],"collection":[{"href":"https:\/\/apostillacolombia.com.co\/v1\/wp-json\/wp\/v2\/pages"}],"about":[{"href":"https:\/\/apostillacolombia.com.co\/v1\/wp-json\/wp\/v2\/types\/page"}],"author":[{"embeddable":true,"href":"https:\/\/apostillacolombia.com.co\/v1\/wp-json\/wp\/v2\/users\/1"}],"replies":[{"embeddable":true,"href":"https:\/\/apostillacolombia.com.co\/v1\/wp-json\/wp\/v2\/comments?post=8"}],"version-history":[{"count":41,"href":"https:\/\/apostillacolombia.com.co\/v1\/wp-json\/wp\/v2\/pages\/8\/revisions"}],"predecessor-version":[{"id":90,"href":"https:\/\/apostillacolombia.com.co\/v1\/wp-json\/wp\/v2\/pages\/8\/revisions\/90"}],"wp:attachment":[{"href":"https:\/\/apostillacolombia.com.co\/v1\/wp-json\/wp\/v2\/media?parent=8"}],"curies":[{"name":"wp","href":"https:\/\/api.w.org\/{rel}","templated":true}]}}